{"id":49,"date":"2021-03-19T18:20:32","date_gmt":"2021-03-19T18:20:32","guid":{"rendered":"https:\/\/www.gacehpa.be\/?page_id=49"},"modified":"2021-03-19T18:20:35","modified_gmt":"2021-03-19T18:20:35","slug":"methodes","status":"publish","type":"page","link":"https:\/\/www.gacehpa.be\/?page_id=49","title":{"rendered":"methodes"},"content":{"rendered":"\n  \n    <section class=\"u-clearfix u-custom-color-4 u-section-1\" id=\"sec-5450\">\n      <div class=\"u-clearfix u-sheet u-valign-top u-sheet-1\">\n        <h2 class=\"myfnt-p u-align-center u-text u-text-1\">M\u00e9thode\nm\u00e9dicamenteuse<\/h2>\n        <h4 class=\"myfnt-h1 u-align-center u-text u-text-custom-color-2 u-text-2\">jusqu\u2019\u00e0 9\nsemaines d\u2019absence de r\u00e8gles<\/h4>\n        <p class=\"u-align-left u-text u-text-3\">Il s\u2019agit d\u2019une m\u00e9thode non chirurgicale qui \u00e9quivaut \u00e0 une fausse couche. Cette m\u00e9thode consiste en la prise de deux substances diff\u00e9rentes, \u00e0 48&nbsp;heures d\u2019intervalle, qui provoquent l\u2019expulsion du contenu de l\u2019ut\u00e9rus. La premi\u00e8re substance (mif\u00e9pristone) bloque l\u2019action de l\u2019hormone n\u00e9cessaire au maintien de la grossesse (la progest\u00e9rone), favorise les crampes ut\u00e9rines, aide \u00e0 l\u2019ouverture du col de l\u2019ut\u00e9rus et d\u00e9colle le sac gestationnel. La seconde substance (misoprostol) se prend de 36 heures \u00e0 48 heures apr\u00e8s la premi\u00e8re, par voie vaginale, orale ou sublinguale. Le misoprostol va provoquer les crampes ut\u00e9rines et des saignements n\u00e9cessaires \u00e0 l\u2019expulsion du contenu de l\u2019ut\u00e9rus. G\u00e9n\u00e9ralement l\u2019expulsion se produit en moyenne dans les 4 heures mais il est possible qu\u2019elle ait lieu plus tard (le misoprostol a une action de plus ou moins 48&nbsp;heures).<\/p>\n        <p class=\"u-align-left u-text u-text-4\"><b>Important&nbsp;:<\/b>&nbsp;36 heures apr\u00e8s la prise de la premi\u00e8re substance (mif\u00e9pristone), des saignements plus ou moins importants peuvent survenir. Cela ne veut pas dire que l\u2019expulsion se soit produite compl\u00e8tement.&nbsp;Il est donc indispensable de mener le protocole jusqu\u2019au bout et de prendre la deuxi\u00e8me substance (misoprostol). La m\u00e9thode m\u00e9dicamenteuse est s\u00fbre et efficace. Dans nos centres, il est possible d\u2019\u00eatre accompagn\u00e9e tout au long de l\u2019IVG de mani\u00e8re individuelle et personnalis\u00e9e. Nos centres sont habilit\u00e9s \u00e0 d\u00e9livrer les substances n\u00e9cessaires \u00e0 une IVG m\u00e9dicamenteuse et \u00e0 offrir un lieu et du personnel disponible le jour de l\u2019expulsion. De m\u00eame, un accompagnement t\u00e9l\u00e9phonique est envisageable en dehors des temps sur place.&nbsp;<br>Une visite de contr\u00f4le est \u00e0 pr\u00e9voir dans le mois suivant l\u2019IVG.\n        <\/p>\n        <div class=\"u-border-2 u-border-custom-color-2 u-container-style u-custom-color-1 u-group u-shape-rectangle u-group-1\">\n          <div class=\"u-container-layout u-container-layout-1\">\n            <h4 class=\"myfnt-h1 u-align-center u-text u-text-custom-color-2 u-text-5\">R\u00e9capitulatif&nbsp;:<\/h4>\n            <ul class=\"u-align-left u-text u-text-6\">\n              <li>se\npratique jusqu\u2019\u00e0 9 semaines d\u2019absence de r\u00e8gles,<br>\n              <\/li>\n              <li>prise de\ndeux substances,<br>\n              <\/li>\n              <li>consiste\nen une fausse couche provoqu\u00e9e,<br>\n              <\/li>\n              <li>prise\nd\u2019antidouleurs parfois n\u00e9cessaire, PAS D\u2019ASPIRINE<br>\n              <\/li>\n              <li>visite de\ncontr\u00f4le dans le mois suivant l\u2019IVG.<br>\n              <\/li>\n            <\/ul>\n          <\/div>\n        <\/div>\n      <\/div>\n    <\/section>\n    <section class=\"u-clearfix u-custom-color-4 u-section-2\" id=\"sec-0c95\">\n      <div class=\"u-clearfix u-sheet u-sheet-1\">\n        <h2 class=\"myfnt-p u-align-center u-text u-text-1\">M\u00e9thode\nchirurgicale, nomm\u00e9e \u00e9galement \u00ab&nbsp;par aspiration&nbsp;\u00bb<\/h2>\n        <h4 class=\"myfnt-h1 u-align-center u-text u-text-custom-color-2 u-text-2\">jusqu\u2019\u00e0 14 semaines\nd\u2019absence de r\u00e8gles<\/h4>\n        <p class=\"u-align-left u-text u-text-3\">Cette m\u00e9thode consiste en une aspiration du contenu ut\u00e9rin. Dans nos centres, elle est pratiqu\u00e9e sous anesth\u00e9sie locale avec une pr\u00e9paration du col pour favoriser la dilation. L\u2019ouverture du col de l\u2019ut\u00e9rus est facilit\u00e9e par l\u2019administration d\u2019un m\u00e9dicament :&nbsp;<br>\n        <\/p>\n        <ul class=\"u-align-left u-text u-text-4\">\n          <li>soit la mif\u00e9pristone, \u00e0\nprendre de 24&nbsp;\u2009\u00e0 36 heures avant l\u2019IVG par voie orale,<br>\n          <\/li>\n          <li>soit le misoprostol, \u00e0 prendre 3 heures avant l\u2019IVG par voie vaginale.<\/li>\n        <\/ul>\n        <p class=\"u-align-left u-text u-text-5\">Toute la proc\u00e9dure se d\u00e9roule dans nos centres. L\u2019anesth\u00e9sie locale consiste en une infiltration du col de l\u2019ut\u00e9rus et du myom\u00e8tre. Ensuite, le\u00b7la m\u00e9decin introduit une sonde, en passant par le vagin et le col de l\u2019ut\u00e9rus, pour aspirer le contenu ut\u00e9rin. La dur\u00e9e de l\u2019acte technique est d\u2019une quinzaine de minutes. La personne pourra se reposer au centre le temps n\u00e9cessaire.&nbsp;<br>\n          <span style=\"font-weight: 700;\">Une visite de contr\u00f4le est \u00e0 pr\u00e9voir dans le mois suivant l\u2019IVG<\/span>\n          <br>\n        <\/p>\n        <div class=\"u-border-2 u-border-custom-color-2 u-container-style u-custom-color-1 u-expanded-width-sm u-expanded-width-xs u-group u-shape-rectangle u-group-1\">\n          <div class=\"u-container-layout u-container-layout-1\">\n            <h4 class=\"myfnt-h1 u-align-center u-text u-text-custom-color-2 u-text-6\">R\u00e9capitulatif&nbsp;:<\/h4>\n            <ul class=\"u-align-left u-text u-text-7\">\n              <li>se\npratique jusqu\u2019\u00e0 14 semaines d\u2019absence de r\u00e8gles,<br>\n              <\/li>\n              <li>prise\nd\u2019une substance suivie d\u2019un acte\ntechnique (aspiration) sous anesth\u00e9sie locale<br>\n              <\/li>\n              <li>visite de\ncontr\u00f4le dans le mois suivant l\u2019IVG.<\/li>\n            <\/ul>\n          <\/div>\n        <\/div>\n      <\/div>\n    <\/section>\n    <section class=\"u-align-center u-clearfix u-palette-5-light-2 u-section-3\" id=\"sec-e06a\">\n      <div class=\"u-clearfix u-sheet u-valign-top-lg u-valign-top-md u-valign-top-sm u-valign-top-xs u-sheet-1\">\n        <div class=\"u-clearfix u-expanded-width u-layout-wrap u-layout-wrap-1\">\n          <div class=\"u-gutter-0 u-layout\">\n            <div class=\"u-layout-row\">\n              <div class=\"u-align-center-md u-align-center-sm u-align-center-xs u-container-style u-layout-cell u-palette-3-light-2 u-right-cell u-size-60 u-layout-cell-1\">\n                <div class=\"u-container-layout u-container-layout-1\">\n                  <div class=\"u-social-icons u-spacing-16 u-social-icons-1\">\n                    <a class=\"u-social-url\" target=\"_blank\" href=\"https:\/\/www.facebook.com\/gacehpa\" title=\"Facebook\"><span class=\"u-icon u-icon-circle u-social-facebook u-social-icon u-icon-1\">\n                    <svg class=\"u-svg-link\" preserveAspectRatio=\"xMidYMin slice\" viewBox=\"0 0 112 112\" style=\"\"><use xmlns:xlink=\"http:\/\/www.w3.org\/1999\/xlink\" xlink:href=\"#svg-c1cd\"><\/use><\/svg>\n                    <svg x=\"0px\" y=\"0px\" viewBox=\"0 0 112 112\" id=\"svg-c1cd\" class=\"u-svg-content\"><circle fill=\"#3B5998\" cx=\"56.1\" cy=\"56.1\" r=\"55\"><\/circle><path fill=\"#FFFFFF\" d=\"M73.5,31.6h-9.1c-1.4,0-3.6,0.8-3.6,3.9v8.5h12.6L72,58.3H60.8v40.8H43.9V58.3h-8V43.9h8v-9.2\n            c0-6.7,3.1-17,17-17h12.5v13.9H73.5z\"><\/path><\/svg>\n                  <\/span>\n                    <\/a>\n                    <a class=\"u-social-url\" target=\"_blank\" href=\"https:\/\/twitter.com\/Gacehpa\" title=\"Twitter\"><span class=\"u-icon u-icon-circle u-social-icon u-social-twitter u-icon-2\">\n                    <svg class=\"u-svg-link\" preserveAspectRatio=\"xMidYMin slice\" viewBox=\"0 0 112 112\" style=\"\"><use xmlns:xlink=\"http:\/\/www.w3.org\/1999\/xlink\" xlink:href=\"#svg-a5e7\"><\/use><\/svg>\n                    <svg x=\"0px\" y=\"0px\" viewBox=\"0 0 112 112\" id=\"svg-a5e7\" class=\"u-svg-content\"><circle fill=\"#55ACEE\" class=\"st0\" cx=\"56.1\" cy=\"56.1\" r=\"55\"><\/circle><path fill=\"#FFFFFF\" d=\"M83.8,47.3c0,0.6,0,1.2,0,1.7c0,17.7-13.5,38.2-38.2,38.2C38,87.2,31,85,25,81.2c1,0.1,2.1,0.2,3.2,0.2\n            c6.3,0,12.1-2.1,16.7-5.7c-5.9-0.1-10.8-4-12.5-9.3c0.8,0.2,1.7,0.2,2.5,0.2c1.2,0,2.4-0.2,3.5-0.5c-6.1-1.2-10.8-6.7-10.8-13.1\n            c0-0.1,0-0.1,0-0.2c1.8,1,3.9,1.6,6.1,1.7c-3.6-2.4-6-6.5-6-11.2c0-2.5,0.7-4.8,1.8-6.7c6.6,8.1,16.5,13.5,27.6,14\n            c-0.2-1-0.3-2-0.3-3.1c0-7.4,6-13.4,13.4-13.4c3.9,0,7.3,1.6,9.8,4.2c3.1-0.6,5.9-1.7,8.5-3.3c-1,3.1-3.1,5.8-5.9,7.4\n            c2.7-0.3,5.3-1,7.7-2.1C88.7,43,86.4,45.4,83.8,47.3z\"><\/path><\/svg>\n                  <\/span>\n                    <\/a>\n                    <a class=\"u-social-url\" target=\"_blank\" title=\"YouTube\" href=\"https:\/\/www.youtube.com\/watch?v=l5ViwvBrvGE\"><span class=\"u-icon u-icon-circle u-social-icon u-social-youtube u-icon-3\"><svg class=\"u-svg-link\" preserveAspectRatio=\"xMidYMin slice\" viewBox=\"0 0 112 112\" style=\"\"><use xmlns:xlink=\"http:\/\/www.w3.org\/1999\/xlink\" xlink:href=\"#svg-cce3\"><\/use><\/svg><svg class=\"u-svg-content\" viewBox=\"0 0 112 112\" x=\"0\" y=\"0\" id=\"svg-cce3\" style=\"\"><circle fill=\"currentColor\" cx=\"56.1\" cy=\"56.1\" r=\"55\"><\/circle><path fill=\"#FFFFFF\" d=\"M74.9,33.3H37.3c-7.4,0-13.4,6-13.4,13.4v18.8c0,7.4,6,13.4,13.4,13.4h37.6c7.4,0,13.4-6,13.4-13.4V46.7 C88.3,39.3,82.3,33.3,74.9,33.3L74.9,33.3z M65.9,57l-17.6,8.4c-0.5,0.2-1-0.1-1-0.6V47.5c0-0.5,0.6-0.9,1-0.6l17.6,8.9 C66.4,56,66.4,56.8,65.9,57L65.9,57z\"><\/path><\/svg><\/span>\n                    <\/a>\n                  <\/div>\n                <\/div>\n              <\/div>\n            <\/div>\n          <\/div>\n        <\/div>\n      <\/div>\n    <\/section>\n    \n    \n    \n  \n","protected":false},"excerpt":{"rendered":"<p>M\u00e9thode m\u00e9dicamenteuse jusqu\u2019\u00e0 9 semaines d\u2019absence de r\u00e8gles Il s\u2019agit d\u2019une m\u00e9thode non chirurgicale qui \u00e9quivaut \u00e0 une fausse couche. Cette m\u00e9thode consiste en la prise de deux substances diff\u00e9rentes, \u00e0 48&nbsp;heures d\u2019intervalle, qui provoquent l\u2019expulsion du contenu de l\u2019ut\u00e9rus. La premi\u00e8re substance (mif\u00e9pristone) bloque l\u2019action de l\u2019hormone n\u00e9cessaire au maintien de la grossesse (la &hellip; <a href=\"https:\/\/www.gacehpa.be\/?page_id=49\" class=\"more-link\">Continue reading<span class=\"screen-reader-text\"> \u00ab\u00a0methodes\u00a0\u00bb<\/span><\/a><\/p>\n","protected":false},"author":1,"featured_media":0,"parent":0,"menu_order":10,"comment_status":"closed","ping_status":"closed","template":"","meta":{"footnotes":""},"class_list":["post-49","page","type-page","status-publish","hentry"],"_links":{"self":[{"href":"https:\/\/www.gacehpa.be\/index.php?rest_route=\/wp\/v2\/pages\/49","targetHints":{"allow":["GET"]}}],"collection":[{"href":"https:\/\/www.gacehpa.be\/index.php?rest_route=\/wp\/v2\/pages"}],"about":[{"href":"https:\/\/www.gacehpa.be\/index.php?rest_route=\/wp\/v2\/types\/page"}],"author":[{"embeddable":true,"href":"https:\/\/www.gacehpa.be\/index.php?rest_route=\/wp\/v2\/users\/1"}],"replies":[{"embeddable":true,"href":"https:\/\/www.gacehpa.be\/index.php?rest_route=%2Fwp%2Fv2%2Fcomments&post=49"}],"version-history":[{"count":1,"href":"https:\/\/www.gacehpa.be\/index.php?rest_route=\/wp\/v2\/pages\/49\/revisions"}],"predecessor-version":[{"id":61,"href":"https:\/\/www.gacehpa.be\/index.php?rest_route=\/wp\/v2\/pages\/49\/revisions\/61"}],"wp:attachment":[{"href":"https:\/\/www.gacehpa.be\/index.php?rest_route=%2Fwp%2Fv2%2Fmedia&parent=49"}],"curies":[{"name":"wp","href":"https:\/\/api.w.org\/{rel}","templated":true}]}}