{"id":46,"date":"2021-03-19T18:20:29","date_gmt":"2021-03-19T18:20:29","guid":{"rendered":"https:\/\/www.gacehpa.be\/?page_id=46"},"modified":"2024-06-04T08:27:45","modified_gmt":"2024-06-04T08:27:45","slug":"accueil","status":"publish","type":"page","link":"https:\/\/www.gacehpa.be\/","title":{"rendered":"accueil"},"content":{"rendered":"\n    \n    <section class=\"u-align-left u-clearfix u-image u-section-2\" src=\"\" id=\"sec-cf17\"><\/section>\n    <section class=\"u-clearfix u-custom-color-4 u-section-3\" id=\"sec-7704\">\n      <div class=\"u-clearfix u-sheet u-sheet-1\">\n        <div class=\"u-expanded-width u-list u-list-1\">\n          <div class=\"u-repeater u-repeater-1\">\n            <div class=\"u-container-style u-custom-color-1 u-custom-item u-list-item u-repeater-item u-shape-rectangle u-list-item-1\">\n              <div class=\"u-container-layout u-similar-container u-valign-bottom-xs u-container-layout-1\">\n                <h4 class=\"myfnt-h1 u-align-center u-text u-text-1\">Petit point sur l'<span style=\"font-weight: 700;\">IVG<\/span>\n                  <br>(<span style=\"font-weight: 700;\">L'avortement<\/span>)<br>\n                <\/h4>\n                <p class=\"u-align-left u-text u-text-2\">\n                  <span style=\"font-weight: 700;\" class=\"u-text-custom-color-2\">L\u2019avortement est un droit fondamental<\/span>.&nbsp;Il est autoris\u00e9 par la loi belge, reconnu comme un acte&nbsp;<br>m\u00e9dical et rembours\u00e9 par les mutuelles.<br>\n                  <span style=\"font-weight: 700;\" class=\"u-text-custom-color-2\">Il existe autant de raisons d\u2019avorter que de femmes* qui d\u00e9cident d\u2019y recourir<\/span>.<br>\n                  <br>\n                  <a href=\"https:\/\/www.gacehpa.be\/?page_id=45\" class=\"u-active-none u-border-none u-btn u-button-link u-button-style u-hover-none u-none u-text-custom-color-11 u-btn-1\">Lire la suite<\/a>\n                  <br>\n                <\/p>\n              <\/div>\n            <\/div>\n            <div class=\"u-container-style u-custom-item u-list-item u-palette-3-light-1 u-repeater-item u-shape-rectangle u-list-item-2\">\n              <div class=\"u-container-layout u-similar-container u-valign-bottom-xs u-container-layout-2\">\n                <h4 class=\"myfnt-h1 u-align-center u-text u-text-3\">Deux&nbsp;<span style=\"font-weight: 700;\">m\u00e9thodes<\/span>\n                <\/h4>\n                <p class=\"u-align-left u-text u-text-4\">La&nbsp;M\u00e9thode m\u00e9dicamenteuse se pratique,&nbsp;<span class=\"u-text-custom-color-2\" style=\"font-weight: 700;\">jusqu\u2019\u00e0 9 semaines d\u2019absence de r\u00e8gles<\/span>, Il s\u2019agit d\u2019une m\u00e9thode non chirurgicale qui \u00e9quivaut \u00e0 une fausse couche\u2026&nbsp;<br>\n                  <a href=\"https:\/\/www.gacehpa.be\/?page_id=49#sec-5450\" class=\"u-active-none u-border-none u-btn u-button-link u-button-style u-hover-none u-none u-text-custom-color-11 u-btn-2\">Lire la suite<br>\n                  <\/a>\n                  <br>La M\u00e9thode chirurgicale,&nbsp;nomm\u00e9e \u00e9galement \u00abpar aspiration\u00bb se pratique&nbsp;<span style=\"font-weight: 700;\" class=\"u-text-custom-color-2\">jusqu\u2019\u00e0 14 semaines d\u2019absence de r\u00e8gles<\/span>. Cette m\u00e9thode consiste en une aspiration du contenu ut\u00e9rin\u2026&nbsp; &nbsp; &nbsp; &nbsp;&nbsp;<br>\n                  <br>\n                  <a href=\"https:\/\/www.gacehpa.be\/?page_id=49#sec-0c95\" class=\"u-active-none u-border-none u-btn u-button-link u-button-style u-hover-none u-none u-text-custom-color-11 u-btn-3\">Lire la suite<\/a>\n                  <br>\n                <\/p>\n              <\/div>\n            <\/div>\n            <div class=\"u-container-style u-custom-color-1 u-custom-item u-list-item u-repeater-item u-shape-rectangle u-list-item-3\">\n              <div class=\"u-container-layout u-similar-container u-valign-bottom-xs u-container-layout-3\">\n                <h4 class=\"myfnt-h1 u-align-center u-text u-text-5\">Les centres&nbsp;<span style=\"font-weight: 700;\">GACEHPA<\/span>\n                  <br>\n                <\/h4>\n                <p class=\"u-align-left u-text u-text-6\">\n                  <a href=\"https:\/\/www.gacehpa.be\/?page_id=47\" class=\"u-active-none u-border-none u-btn u-button-link u-button-style u-hover-none u-none u-text-palette-1-base u-btn-4\">Voir la liste des centres pour prendre RDV<\/a>\n                  <br>\n                  <br>Le&nbsp;<b>GACEHPA<\/b>&nbsp;regroupe des&nbsp;<b>centres de planning familial<\/b>&nbsp;francophones de Belgique, qui pratiquent&nbsp;<b>l\u2019avortement en dehors des h\u00f4pitaux<\/b>&nbsp;en Wallonie et \u00e0 Bruxelles.<br>Si vous souhaitez un rendez-vous, <span style=\"font-weight: 700; text-decoration: underline !important;\">contactez directement un centre de votre choix<\/span> en consultant la liste ci-dessous.<br>\n                  <br>&nbsp; <br>\n                <\/p>\n              <\/div>\n            <\/div>\n          <\/div>\n        <\/div>\n      <\/div>\n    <\/section>\n    <section class=\"u-align-center u-clearfix u-palette-5-light-2 u-section-4\" id=\"sec-c666\">\n      <div class=\"u-clearfix u-sheet u-sheet-1\">\n        <div class=\"u-clearfix u-expanded-width u-layout-wrap u-layout-wrap-1\">\n          <div class=\"u-gutter-0 u-layout\">\n            <div class=\"u-layout-row\">\n              <div class=\"u-align-center-md u-align-center-sm u-align-center-xs u-container-style u-layout-cell u-palette-3-light-2 u-right-cell u-size-60 u-layout-cell-1\">\n                <div class=\"u-container-layout u-container-layout-1\">\n                  <div class=\"u-social-icons u-spacing-16 u-social-icons-1\">\n                    <a class=\"u-social-url\" target=\"_blank\" href=\"https:\/\/www.facebook.com\/gacehpa\" title=\"Facebook\"><span class=\"u-icon u-icon-circle u-social-facebook u-social-icon u-icon-1\"><svg class=\"u-svg-link\" preserveAspectRatio=\"xMidYMin slice\" viewBox=\"0 0 112 112\" style=\"\"><use xmlns:xlink=\"http:\/\/www.w3.org\/1999\/xlink\" xlink:href=\"#svg-2fb6\"><\/use><\/svg><svg class=\"u-svg-content\" viewBox=\"0 0 112 112\" x=\"0px\" y=\"0px\" id=\"svg-2fb6\" style=\"\"><circle fill=\"currentColor\" cx=\"56.1\" cy=\"56.1\" r=\"55\"><\/circle><path fill=\"#FFFFFF\" d=\"M73.5,31.6h-9.1c-1.4,0-3.6,0.8-3.6,3.9v8.5h12.6L72,58.3H60.8v40.8H43.9V58.3h-8V43.9h8v-9.2\n            c0-6.7,3.1-17,17-17h12.5v13.9H73.5z\"><\/path><\/svg>\n                    \n                    \n                  <\/span>\n                    <\/a>\n                    <a class=\"u-social-url\" target=\"_blank\" href=\"https:\/\/twitter.com\/Gacehpa\" title=\"Twitter\"><span class=\"u-icon u-icon-circle u-social-icon u-social-twitter u-icon-2\"><svg class=\"u-svg-link\" preserveAspectRatio=\"xMidYMin slice\" viewBox=\"0 0 112 112\" style=\"\"><use xmlns:xlink=\"http:\/\/www.w3.org\/1999\/xlink\" xlink:href=\"#svg-b9df\"><\/use><\/svg><svg class=\"u-svg-content\" viewBox=\"0 0 112 112\" x=\"0px\" y=\"0px\" id=\"svg-b9df\" style=\"\"><circle fill=\"currentColor\" class=\"st0\" cx=\"56.1\" cy=\"56.1\" r=\"55\"><\/circle><path fill=\"#FFFFFF\" d=\"M83.8,47.3c0,0.6,0,1.2,0,1.7c0,17.7-13.5,38.2-38.2,38.2C38,87.2,31,85,25,81.2c1,0.1,2.1,0.2,3.2,0.2\n            c6.3,0,12.1-2.1,16.7-5.7c-5.9-0.1-10.8-4-12.5-9.3c0.8,0.2,1.7,0.2,2.5,0.2c1.2,0,2.4-0.2,3.5-0.5c-6.1-1.2-10.8-6.7-10.8-13.1\n            c0-0.1,0-0.1,0-0.2c1.8,1,3.9,1.6,6.1,1.7c-3.6-2.4-6-6.5-6-11.2c0-2.5,0.7-4.8,1.8-6.7c6.6,8.1,16.5,13.5,27.6,14\n            c-0.2-1-0.3-2-0.3-3.1c0-7.4,6-13.4,13.4-13.4c3.9,0,7.3,1.6,9.8,4.2c3.1-0.6,5.9-1.7,8.5-3.3c-1,3.1-3.1,5.8-5.9,7.4\n            c2.7-0.3,5.3-1,7.7-2.1C88.7,43,86.4,45.4,83.8,47.3z\"><\/path><\/svg>\n                    \n                    \n                  <\/span>\n                    <\/a>\n                    <a class=\"u-social-url\" target=\"_blank\" title=\"YouTube\" href=\"https:\/\/www.youtube.com\/watch?v=l5ViwvBrvGE\"><span class=\"u-icon u-icon-circle u-social-icon u-social-youtube u-icon-3\"><svg class=\"u-svg-link\" preserveAspectRatio=\"xMidYMin slice\" viewBox=\"0 0 112 112\" style=\"\"><use xmlns:xlink=\"http:\/\/www.w3.org\/1999\/xlink\" xlink:href=\"#svg-621e\"><\/use><\/svg><svg class=\"u-svg-content\" viewBox=\"0 0 112 112\" x=\"0\" y=\"0\" id=\"svg-621e\" style=\"\"><circle fill=\"currentColor\" cx=\"56.1\" cy=\"56.1\" r=\"55\"><\/circle><path fill=\"#FFFFFF\" d=\"M74.9,33.3H37.3c-7.4,0-13.4,6-13.4,13.4v18.8c0,7.4,6,13.4,13.4,13.4h37.6c7.4,0,13.4-6,13.4-13.4V46.7 C88.3,39.3,82.3,33.3,74.9,33.3L74.9,33.3z M65.9,57l-17.6,8.4c-0.5,0.2-1-0.1-1-0.6V47.5c0-0.5,0.6-0.9,1-0.6l17.6,8.9 C66.4,56,66.4,56.8,65.9,57L65.9,57z\"><\/path><\/svg><\/span>\n                    <\/a>\n                  <\/div>\n                <\/div>\n              <\/div>\n            <\/div>\n          <\/div>\n        <\/div>\n      <\/div>\n    <\/section>\n    \n    \n  \n","protected":false},"excerpt":{"rendered":"<p>Petit point sur l&rsquo;IVG (L&rsquo;avortement) L\u2019avortement est un droit fondamental.&nbsp;Il est autoris\u00e9 par la loi belge, reconnu comme un acte&nbsp;m\u00e9dical et rembours\u00e9 par les mutuelles. Il existe autant de raisons d\u2019avorter que de femmes* qui d\u00e9cident d\u2019y recourir. Lire la suite Deux&nbsp;m\u00e9thodes La&nbsp;M\u00e9thode m\u00e9dicamenteuse se pratique,&nbsp;jusqu\u2019\u00e0 9 semaines d\u2019absence de r\u00e8gles, Il s\u2019agit d\u2019une m\u00e9thode &hellip; <a href=\"https:\/\/www.gacehpa.be\/\" class=\"more-link\">Continue reading<span class=\"screen-reader-text\"> \u00ab\u00a0accueil\u00a0\u00bb<\/span><\/a><\/p>\n","protected":false},"author":1,"featured_media":0,"parent":0,"menu_order":7,"comment_status":"closed","ping_status":"closed","template":"","meta":{"footnotes":""},"class_list":["post-46","page","type-page","status-publish","hentry"],"_links":{"self":[{"href":"https:\/\/www.gacehpa.be\/index.php?rest_route=\/wp\/v2\/pages\/46","targetHints":{"allow":["GET"]}}],"collection":[{"href":"https:\/\/www.gacehpa.be\/index.php?rest_route=\/wp\/v2\/pages"}],"about":[{"href":"https:\/\/www.gacehpa.be\/index.php?rest_route=\/wp\/v2\/types\/page"}],"author":[{"embeddable":true,"href":"https:\/\/www.gacehpa.be\/index.php?rest_route=\/wp\/v2\/users\/1"}],"replies":[{"embeddable":true,"href":"https:\/\/www.gacehpa.be\/index.php?rest_route=%2Fwp%2Fv2%2Fcomments&post=46"}],"version-history":[{"count":2,"href":"https:\/\/www.gacehpa.be\/index.php?rest_route=\/wp\/v2\/pages\/46\/revisions"}],"predecessor-version":[{"id":236,"href":"https:\/\/www.gacehpa.be\/index.php?rest_route=\/wp\/v2\/pages\/46\/revisions\/236"}],"wp:attachment":[{"href":"https:\/\/www.gacehpa.be\/index.php?rest_route=%2Fwp%2Fv2%2Fmedia&parent=46"}],"curies":[{"name":"wp","href":"https:\/\/api.w.org\/{rel}","templated":true}]}}