{"id":44,"date":"2021-03-19T18:20:27","date_gmt":"2021-03-19T18:20:27","guid":{"rendered":"https:\/\/www.gacehpa.be\/?page_id=44"},"modified":"2021-10-12T12:46:41","modified_gmt":"2021-10-12T12:46:41","slug":"idees-recues","status":"publish","type":"page","link":"https:\/\/www.gacehpa.be\/?page_id=44","title":{"rendered":"idees-re\u00e7ues"},"content":{"rendered":"\n    \n    <section class=\"u-clearfix u-custom-color-6 u-section-2\" id=\"sec-df4c\">\n      <div class=\"u-clearfix u-sheet u-sheet-1\">\n        <div class=\"u-clearfix u-expanded-width u-gutter-10 u-layout-wrap u-layout-wrap-1\">\n          <div class=\"u-layout\">\n            <div class=\"u-layout-row\">\n              <div class=\"u-align-left u-container-style u-layout-cell u-size-30 u-layout-cell-1\">\n                <div class=\"u-container-layout u-container-layout-1\">\n                  <h1 class=\"myfnt-h1 u-align-center u-text u-text-1\">Les id\u00e9es re\u00e7ues<\/h1>\n                <\/div>\n              <\/div>\n              <div class=\"u-container-style u-layout-cell u-shape-rectangle u-size-30 u-layout-cell-2\">\n                <div class=\"u-container-layout u-container-layout-2\">\n                  <h4 class=\"myfnt-h1 u-align-left u-text u-text-2\">L\u2019IVG est dangereuse&nbsp;pour la sant\u00e9<\/h4>\n                  <h5 class=\"myfnt-p1 myform2 u-align-center-xl u-align-left-lg u-align-left-md u-align-left-sm u-align-left-xs u-text u-text-body-color u-text-3\">\n                    <span style=\"font-weight: 400; font-style: italic;\">FAUX<\/span> &gt; \n                  <\/h5>\n                  <p class=\"u-align-left u-text u-text-black u-text-4\">Dans les pays o\u00f9 elle est autoris\u00e9e, l\u2019IVG est pratiqu\u00e9e dans de bonnes conditions sanitaires par des professionnel\u00b7le\u00b7s de sant\u00e9. Les complications sont exceptionnelles.<\/p>\n                <\/div>\n              <\/div>\n            <\/div>\n          <\/div>\n        <\/div>\n        <div class=\"u-clearfix u-expanded-width u-layout-wrap u-layout-wrap-2\">\n          <div class=\"u-layout\">\n            <div class=\"u-layout-col\">\n              <div class=\"u-size-30\">\n                <div class=\"u-layout-row\">\n                  <div class=\"u-container-style u-layout-cell u-shape-rectangle u-size-30 u-layout-cell-3\">\n                    <div class=\"u-container-layout u-container-layout-3\">\n                      <h4 class=\"myfnt-h1 u-align-left u-text u-text-5\">L\u2019IVG peut rendre st\u00e9rile<\/h4>\n                      <h5 class=\"myfnt-p1 myform2 u-align-center u-text u-text-body-color u-text-6\">\n                        <span style=\"font-weight: 400;\">FAUX<\/span> &gt; \n                      <\/h5>\n                      <p class=\"u-align-left u-text u-text-black u-text-7\">Dans la mesure o\u00f9 elle est pratiqu\u00e9e dans de bonnes conditions sanitaires par des professionnel\u00b7le\u00b7s de sant\u00e9, il n\u2019y a pas de risque de st\u00e9rilit\u00e9 \u00e0 la suite d\u2019une IVG.<\/p>\n                    <\/div>\n                  <\/div>\n                  <div class=\"u-container-style u-layout-cell u-shape-rectangle u-size-30 u-layout-cell-4\">\n                    <div class=\"u-container-layout u-valign-top u-container-layout-4\">\n                      <h4 class=\"myfnt-h1 u-align-left u-text u-text-8\">On peut se sentir triste\napr\u00e8s une IVG<\/h4>\n                      <h5 class=\"myfnt-p1 myform2 u-align-center u-text u-text-body-color u-text-9\">\n                        <span style=\"font-style: italic; font-weight: 400;\">VRAI <\/span>&gt; \n                      <\/h5>\n                      <p class=\"u-align-left u-text u-text-black u-text-10\">Il peut arriver que la situation dans laquelle la personne a pris la d\u00e9cision d\u2019avoir recours \u00e0 une IVG soit difficile. Cela peut entra\u00eener des sentiments contradictoires ou de la tristesse. Il ne faut pas oublier que des professionnel\u00b7le\u00b7s sont l\u00e0 pour accompagner et \u00e9couter. On peut se sentir triste apr\u00e8s une IVG, mais ce n\u2019est pas le cas pour toutes les personnes qui y ont eu recours. La majorit\u00e9 des femmes* se sentiront soulag\u00e9es apr\u00e8s leur IVG.<\/p>\n                    <\/div>\n                  <\/div>\n                <\/div>\n              <\/div>\n              <div class=\"u-size-30\">\n                <div class=\"u-layout-row\">\n                  <div class=\"u-container-style u-layout-cell u-shape-rectangle u-size-30 u-layout-cell-5\">\n                    <div class=\"u-container-layout u-container-layout-5\">\n                      <h4 class=\"myfnt-h1 u-align-left u-text u-text-11\">Apr\u00e8s une IVG, on peut subir un syndrome\npost-traumatique (SPT)<\/h4>\n                      <h5 class=\"myfnt-p1 myform2 u-align-center u-text u-text-body-color u-text-12\">\n                        <span style=\"font-style: italic; font-weight: 400;\">FAU\u200bX<\/span> &gt; \n                      <\/h5>\n                      <p class=\"u-align-left u-text u-text-black u-text-13\">Le STP regroupe des troubles mentaux graves (d\u00e9pression, risque suicidaire, etc.). Toutes les \u00e9tudes men\u00e9es montrent que l\u2019IVG ne favorise pas la survenue de troubles psychiques chez les personnes qui n\u2019en avaient pas auparavant.<\/p>\n                    <\/div>\n                  <\/div>\n                  <div class=\"u-container-style u-layout-cell u-shape-rectangle u-size-30 u-layout-cell-6\">\n                    <div class=\"u-container-layout u-valign-top u-container-layout-6\">\n                      <h4 class=\"myfnt-h1 u-align-left u-text u-text-14\">Les\nmineures ne peuvent pas avoir recours \u00e0 une IVG sans l\u2019accord de leurs parents<\/h4>\n                      <h5 class=\"myfnt-p1 myform2 u-align-center u-text u-text-body-color u-text-15\">\n                        <span style=\"font-style: italic; font-weight: 400;\">FAUX<\/span> &gt; \n                      <\/h5>\n                      <p class=\"u-align-left u-text u-text-black u-text-16\">La loi belge permet \u00e0 une femme* mineure d\u2019avoir recours \u00e0 une IVG sans l\u2019autorisation de ses parents. Chaque femme* dispose de son corps, elle est la seule \u00e0 d\u00e9cider d\u2019avoir recours ou non \u00e0 une IVG.<\/p>\n                    <\/div>\n                  <\/div>\n                <\/div>\n              <\/div>\n            <\/div>\n          <\/div>\n        <\/div>\n      <\/div>\n    <\/section>\n    <section class=\"u-clearfix u-custom-color-6 u-section-3\" id=\"sec-bd2a\">\n      <div class=\"u-clearfix u-sheet u-sheet-1\">\n        <div class=\"u-clearfix u-expanded-width u-layout-wrap u-layout-wrap-1\">\n          <div class=\"u-layout\">\n            <div class=\"u-layout-col\">\n              <div class=\"u-size-30\">\n                <div class=\"u-layout-row\">\n                  <div class=\"u-container-style u-layout-cell u-shape-rectangle u-size-30 u-layout-cell-1\">\n                    <div class=\"u-container-layout u-container-layout-1\">\n                      <h4 class=\"myfnt-h1 u-align-left u-text u-text-1\">L\u2019IVG\nfavorise la survenue du cancer du sein<\/h4>\n                      <h5 class=\"myfnt-p1 myform2 u-align-center u-text u-text-body-color u-text-2\">\n                        <span style=\"font-style: italic; font-weight: 400;\">FAUX<\/span> &gt; \n                      <\/h5>\n                      <p class=\"u-align-left u-text u-text-black u-text-3\">Diff\u00e9rentes enqu\u00eates montrent qu\u2019il n\u2019y a aucun lien entre l\u2019IVG et le cancer du sein.<\/p>\n                    <\/div>\n                  <\/div>\n                  <div class=\"u-container-style u-layout-cell u-shape-rectangle u-size-30 u-layout-cell-2\">\n                    <div class=\"u-container-layout u-valign-bottom u-container-layout-2\">\n                      <h4 class=\"myfnt-h1 u-align-left u-text u-text-4\">Des\npersonnes se servent de l\u2019IVG comme moyen de contraception<\/h4>\n                      <h5 class=\"myfnt-p1 myform2 u-align-center u-text u-text-body-color u-text-5\">\n                        <span style=\"font-weight: 400;\">\n                          <span style=\"font-style: italic;\">FAUX<\/span>\n                        <\/span>&gt; \n                      <\/h5>\n                      <p class=\"u-align-left u-text u-text-black u-text-6\">Plusieurs raisons peuvent expliquer qu\u2019une personne ait recours \u00e0 l\u2019IVG et m\u00eame plusieurs fois au cours de sa vie&nbsp;:&nbsp;<br>- le taux de fertilit\u00e9 varie d\u2019une personne \u00e0 l\u2019autre,<br>- les moyens de contraception ne sont pas efficaces \u00e0 100 %,&nbsp;<br>- dans une relation h\u00e9t\u00e9rosexuelle,&nbsp;ce sont souvent les<br>&nbsp; &nbsp;femmes* qui g\u00e8rent seules la contraception,&nbsp;<br>- les femmes* sont fertiles chaque mois durant 35 ans en&nbsp; &nbsp; &nbsp;moyenne. \n                      <\/p>\n                    <\/div>\n                  <\/div>\n                <\/div>\n              <\/div>\n              <div class=\"u-size-30\">\n                <div class=\"u-layout-row\">\n                  <div class=\"u-container-style u-layout-cell u-shape-rectangle u-size-30 u-layout-cell-3\">\n                    <div class=\"u-container-layout u-container-layout-3\">\n                      <h4 class=\"myfnt-h1 u-align-left u-text u-text-7\">Ce sont essentiellement les\njeunes filles qui avortent<\/h4>\n                      <h5 class=\"myfnt-p1 myform2 u-align-center u-text u-text-body-color u-text-8\">\n                        <span style=\"font-style: italic; font-weight: 400;\">FAUX <\/span>&gt; \n                      <\/h5>\n                      <p class=\"u-align-left u-text u-text-black u-text-9\">D\u2019apr\u00e8s la Commission nationale d\u2019\u00e9valuation de l\u2019IVG, en 2017, la tranche d\u2019\u00e2ge 15-19 ans repr\u00e9sente 9 % des personnes ayant eu recours \u00e0 l\u2019IVG en Belgique.<\/p>\n                    <\/div>\n                  <\/div>\n                  <div class=\"u-container-style u-layout-cell u-shape-rectangle u-size-30 u-layout-cell-4\">\n                    <div class=\"u-container-layout u-valign-top u-container-layout-4\">\n                      <h4 class=\"myfnt-h1 u-align-left u-text u-text-10\">Les\nparents ou le partenaire peuvent s\u2019opposer \u00e0 l\u2019IVG<\/h4>\n                      <h5 class=\"myfnt-p1 myform2 u-align-center u-text u-text-body-color u-text-11\">\n                        <span style=\"font-weight: 400;\">\n                          <span style=\"font-style: italic;\">FAUX<\/span>\n                        <\/span>&gt; \n                      <\/h5>\n                      <p class=\"u-align-left u-text u-text-black u-text-12\">Seule la femme* concern\u00e9e peut d\u00e9cider de poursuivre une grossesse ou non ! Si une femme* est dans une situation conflictuelle avec sa famille ou son partenaire, elle peut en parler avec les professionnel\u00b7le\u00b7s des centres de planning familial. Les professionnel\u00b7le\u00b7s de sant\u00e9 devront \u00eatre particuli\u00e8rement vigilant\u00b7e\u00b7s aux situations de violences v\u00e9cues par&nbsp;les femmes*.<\/p>\n                    <\/div>\n                  <\/div>\n                <\/div>\n              <\/div>\n            <\/div>\n          <\/div>\n        <\/div>\n        <div class=\"u-container-style u-group u-shape-rectangle u-group-1\">\n          <div class=\"u-container-layout u-valign-top u-container-layout-5\">\n            <h4 class=\"myfnt-h1 u-align-left u-text u-text-13\">Un avortement c'est douloureux<br>\n            <\/h4>\n            <h5 class=\"myfnt-p1 myform2 u-align-center u-text u-text-body-color u-text-14\"><b style=\"\"><i style=\"\">\n                  <span style=\"font-weight: 400;\">VRAI\/FAUX<\/span>&nbsp;<\/i><\/b>&nbsp;&gt; \n            <\/h5>\n            <p class=\"u-align-left u-text u-text-body-color u-text-15\">La gestion de la douleur varie d\u2019une femme* \u00e0 l\u2019autre, d\u2019un moment \u00e0 l\u2019autre et va d\u00e9pendre de plusieurs facteurs tels que la r\u00e9activit\u00e9 aux antidouleurs, le stress, le soutien de l\u2019entourage, etc.<\/p>\n          <\/div>\n        <\/div>\n      <\/div>\n    <\/section>\n    <section class=\"u-align-center u-clearfix u-palette-5-light-2 u-section-4\" id=\"sec-4d44\">\n      <div class=\"u-clearfix u-sheet u-valign-top-lg u-valign-top-md u-valign-top-sm u-valign-top-xs u-sheet-1\">\n        <div class=\"u-clearfix u-expanded-width u-layout-wrap u-layout-wrap-1\">\n          <div class=\"u-gutter-0 u-layout\">\n            <div class=\"u-layout-row\">\n              <div class=\"u-align-center-md u-align-center-sm u-align-center-xs u-container-style u-layout-cell u-palette-3-light-2 u-right-cell u-size-60 u-layout-cell-1\">\n                <div class=\"u-container-layout u-container-layout-1\">\n                  <div class=\"u-social-icons u-spacing-16 u-social-icons-1\">\n                    <a class=\"u-social-url\" target=\"_blank\" href=\"https:\/\/www.facebook.com\/gacehpa\" title=\"Facebook\"><span class=\"u-icon u-icon-circle u-social-facebook u-social-icon u-icon-1\">\n                    <svg class=\"u-svg-link\" preserveAspectRatio=\"xMidYMin slice\" viewBox=\"0 0 112 112\" style=\"\"><use xmlns:xlink=\"http:\/\/www.w3.org\/1999\/xlink\" xlink:href=\"#svg-c1cd\"><\/use><\/svg>\n                    <svg x=\"0px\" y=\"0px\" viewBox=\"0 0 112 112\" id=\"svg-c1cd\" class=\"u-svg-content\"><circle fill=\"#3B5998\" cx=\"56.1\" cy=\"56.1\" r=\"55\"><\/circle><path fill=\"#FFFFFF\" d=\"M73.5,31.6h-9.1c-1.4,0-3.6,0.8-3.6,3.9v8.5h12.6L72,58.3H60.8v40.8H43.9V58.3h-8V43.9h8v-9.2\n            c0-6.7,3.1-17,17-17h12.5v13.9H73.5z\"><\/path><\/svg>\n                  <\/span>\n                    <\/a>\n                    <a class=\"u-social-url\" target=\"_blank\" href=\"https:\/\/twitter.com\/Gacehpa\" title=\"Twitter\"><span class=\"u-icon u-icon-circle u-social-icon u-social-twitter u-icon-2\">\n                    <svg class=\"u-svg-link\" preserveAspectRatio=\"xMidYMin slice\" viewBox=\"0 0 112 112\" style=\"\"><use xmlns:xlink=\"http:\/\/www.w3.org\/1999\/xlink\" xlink:href=\"#svg-a5e7\"><\/use><\/svg>\n                    <svg x=\"0px\" y=\"0px\" viewBox=\"0 0 112 112\" id=\"svg-a5e7\" class=\"u-svg-content\"><circle fill=\"#55ACEE\" class=\"st0\" cx=\"56.1\" cy=\"56.1\" r=\"55\"><\/circle><path fill=\"#FFFFFF\" d=\"M83.8,47.3c0,0.6,0,1.2,0,1.7c0,17.7-13.5,38.2-38.2,38.2C38,87.2,31,85,25,81.2c1,0.1,2.1,0.2,3.2,0.2\n            c6.3,0,12.1-2.1,16.7-5.7c-5.9-0.1-10.8-4-12.5-9.3c0.8,0.2,1.7,0.2,2.5,0.2c1.2,0,2.4-0.2,3.5-0.5c-6.1-1.2-10.8-6.7-10.8-13.1\n            c0-0.1,0-0.1,0-0.2c1.8,1,3.9,1.6,6.1,1.7c-3.6-2.4-6-6.5-6-11.2c0-2.5,0.7-4.8,1.8-6.7c6.6,8.1,16.5,13.5,27.6,14\n            c-0.2-1-0.3-2-0.3-3.1c0-7.4,6-13.4,13.4-13.4c3.9,0,7.3,1.6,9.8,4.2c3.1-0.6,5.9-1.7,8.5-3.3c-1,3.1-3.1,5.8-5.9,7.4\n            c2.7-0.3,5.3-1,7.7-2.1C88.7,43,86.4,45.4,83.8,47.3z\"><\/path><\/svg>\n                  <\/span>\n                    <\/a>\n                    <a class=\"u-social-url\" target=\"_blank\" title=\"YouTube\" href=\"https:\/\/www.youtube.com\/watch?v=l5ViwvBrvGE\"><span class=\"u-icon u-icon-circle u-social-icon u-social-youtube u-icon-3\"><svg class=\"u-svg-link\" preserveAspectRatio=\"xMidYMin slice\" viewBox=\"0 0 112 112\" style=\"\"><use xmlns:xlink=\"http:\/\/www.w3.org\/1999\/xlink\" xlink:href=\"#svg-cce3\"><\/use><\/svg><svg class=\"u-svg-content\" viewBox=\"0 0 112 112\" x=\"0\" y=\"0\" id=\"svg-cce3\" style=\"\"><circle fill=\"currentColor\" cx=\"56.1\" cy=\"56.1\" r=\"55\"><\/circle><path fill=\"#FFFFFF\" d=\"M74.9,33.3H37.3c-7.4,0-13.4,6-13.4,13.4v18.8c0,7.4,6,13.4,13.4,13.4h37.6c7.4,0,13.4-6,13.4-13.4V46.7 C88.3,39.3,82.3,33.3,74.9,33.3L74.9,33.3z M65.9,57l-17.6,8.4c-0.5,0.2-1-0.1-1-0.6V47.5c0-0.5,0.6-0.9,1-0.6l17.6,8.9 C66.4,56,66.4,56.8,65.9,57L65.9,57z\"><\/path><\/svg><\/span>\n                    <\/a>\n                  <\/div>\n                <\/div>\n              <\/div>\n            <\/div>\n          <\/div>\n        <\/div>\n      <\/div>\n    <\/section>\n    \n    \n  \n","protected":false},"excerpt":{"rendered":"<p>Les id\u00e9es re\u00e7ues L\u2019IVG est dangereuse&nbsp;pour la sant\u00e9 FAUX &gt; Dans les pays o\u00f9 elle est autoris\u00e9e, l\u2019IVG est pratiqu\u00e9e dans de bonnes conditions sanitaires par des professionnel\u00b7le\u00b7s de sant\u00e9. Les complications sont exceptionnelles. L\u2019IVG peut rendre st\u00e9rile FAUX &gt; Dans la mesure o\u00f9 elle est pratiqu\u00e9e dans de bonnes conditions sanitaires par des professionnel\u00b7le\u00b7s &hellip; <a href=\"https:\/\/www.gacehpa.be\/?page_id=44\" class=\"more-link\">Continue reading<span class=\"screen-reader-text\"> \u00ab\u00a0idees-re\u00e7ues\u00a0\u00bb<\/span><\/a><\/p>\n","protected":false},"author":1,"featured_media":0,"parent":0,"menu_order":5,"comment_status":"closed","ping_status":"closed","template":"","meta":{"footnotes":""},"class_list":["post-44","page","type-page","status-publish","hentry"],"_links":{"self":[{"href":"https:\/\/www.gacehpa.be\/index.php?rest_route=\/wp\/v2\/pages\/44","targetHints":{"allow":["GET"]}}],"collection":[{"href":"https:\/\/www.gacehpa.be\/index.php?rest_route=\/wp\/v2\/pages"}],"about":[{"href":"https:\/\/www.gacehpa.be\/index.php?rest_route=\/wp\/v2\/types\/page"}],"author":[{"embeddable":true,"href":"https:\/\/www.gacehpa.be\/index.php?rest_route=\/wp\/v2\/users\/1"}],"replies":[{"embeddable":true,"href":"https:\/\/www.gacehpa.be\/index.php?rest_route=%2Fwp%2Fv2%2Fcomments&post=44"}],"version-history":[{"count":4,"href":"https:\/\/www.gacehpa.be\/index.php?rest_route=\/wp\/v2\/pages\/44\/revisions"}],"predecessor-version":[{"id":165,"href":"https:\/\/www.gacehpa.be\/index.php?rest_route=\/wp\/v2\/pages\/44\/revisions\/165"}],"wp:attachment":[{"href":"https:\/\/www.gacehpa.be\/index.php?rest_route=%2Fwp%2Fv2%2Fmedia&parent=44"}],"curies":[{"name":"wp","href":"https:\/\/api.w.org\/{rel}","templated":true}]}}