{"id":40,"date":"2021-03-19T18:20:23","date_gmt":"2021-03-19T18:20:23","guid":{"rendered":"https:\/\/www.gacehpa.be\/?page_id=40"},"modified":"2025-10-20T11:00:11","modified_gmt":"2025-10-20T11:00:11","slug":"formations-recyclage","status":"publish","type":"page","link":"https:\/\/www.gacehpa.be\/?page_id=40","title":{"rendered":"formations-recyclage"},"content":{"rendered":"\n    \n    <section class=\"u-clearfix u-custom-color-10 u-section-2\" id=\"sec-a441\">\n      <div class=\"u-clearfix u-sheet u-sheet-1\">\n        <h1 class=\"myfnt-h1 u-align-center u-text u-text-1\">Formations<\/h1>\n        <p class=\"myfnt-h1 u-text u-text-2\">\n          <span style=\"font-weight: 700;\"><span class=\"u-icon\"><\/span>=&gt;&nbsp;<span class=\"u-icon\"><\/span>Accueil et accompagnement IVG : \n          <\/span>\n          <br>Chaque ann\u00e9e, le GACEHPA propose une formation de 5 jours destin\u00e9e \u00e0 vous aider \u00e0 <b>am\u00e9liorer la prise en charge des femmes\nou de couples confront\u00e9s \u00e0 une grossesse non d\u00e9sir\u00e9e<\/b>. Dans cette formation, les questions <b>psycho-m\u00e9dicales, sociopolitiques et\n\u00e9pid\u00e9miologiques li\u00e9es \u00e0 l\u2019avortement<\/b> seront approfondies. <br>\n          <span style=\"font-weight: 700;\">\n            <span style=\"font-weight: 400;\">(<\/span>\n            <span style=\"font-weight: 400;\">La prochaine formation se d\u00e9roulera en <span style=\"font-weight: 700;\">septembre ou octobre 2026<\/span>, plus d'informations seront disponibles en mai 2026).\n            <\/span>\n          <\/span>\n          <br>\n          <br>Renseignements : gacehpa@gmail.com<br>\n          <br>\n          <span style=\"font-weight: 700;\">=&gt; Formation \u00e0 la pratique des avortements en centre de<br>planning familial \n          <\/span>:<br>Cette formation s\u2019adresse essentiellement aux <span style=\"font-weight: 700;\">assistant.e.s en m\u00e9decine g\u00e9n\u00e9rale<\/span>. mais peut s\u2019adapter \u00e0 d\u2019autres profils de m\u00e9decins. <br>En accord avec le DMG de l'ULB, le GACEHPA organise et coordonne cette <span style=\"font-weight: 700;\">formation pratique sur le terrain.<\/span>\n          <br>Un <span style=\"font-weight: 700;\">pr\u00e9requis <\/span>\u00e0 cette formation est la <span style=\"font-weight: 700;\">participation \u00e0 2 journ\u00e9es de sensibilisation qui ont lieu une fois par an en janvier\/f\u00e9vrier.<\/span>\n          <br>A l\u2019issue de ces deux journ\u00e9es, les participant.e.s peuvent s\u2019inscrire \u00e0 <span style=\"font-weight: 700;\">la partie pratique<\/span>. qui s\u2019organise <span style=\"font-weight: 700;\">sur deux ans \u00e0 raison d\u2019une demi-journ\u00e9e par semaine<\/span> et r\u00e9partie en p\u00e9riodes de 6 mois<span style=\"font-weight: 700;\"> par le m\u00e9decin responsable dans un centre de planning familial.<br>\n          <\/span>\n          <br>Renseignements : secretariat@gacehpa.be<br>\n          <br>Si vous souhaitez vous inscrire \u00e0 la formation 2026, merci de nous envoyer une <span style=\"font-weight: 700;\">lettre de motivation et votre CV.<br>\n          <\/span>\n          <br>\n        <\/p>\n      <\/div>\n    <\/section>\n    <section class=\"u-align-center u-clearfix u-palette-5-light-2 u-section-3\" id=\"sec-f9d0\">\n      <div class=\"u-clearfix u-sheet u-valign-top-lg u-valign-top-md u-valign-top-sm u-valign-top-xs u-sheet-1\">\n        <div class=\"u-clearfix u-expanded-width u-layout-wrap u-layout-wrap-1\">\n          <div class=\"u-gutter-0 u-layout\">\n            <div class=\"u-layout-row\">\n              <div class=\"u-align-center-md u-align-center-sm u-align-center-xs u-container-style u-layout-cell u-palette-3-light-2 u-right-cell u-size-60 u-layout-cell-1\">\n                <div class=\"u-container-layout u-container-layout-1\">\n                  <div class=\"u-social-icons u-spacing-16 u-social-icons-1\">\n                    <a class=\"u-social-url\" target=\"_blank\" href=\"https:\/\/www.facebook.com\/gacehpa\" title=\"Facebook\"><span class=\"u-icon u-icon-circle u-social-facebook u-social-icon u-icon-1\">\n                    <svg class=\"u-svg-link\" preserveAspectRatio=\"xMidYMin slice\" viewBox=\"0 0 112 112\" style=\"\"><use xmlns:xlink=\"http:\/\/www.w3.org\/1999\/xlink\" xlink:href=\"#svg-c1cd\"><\/use><\/svg>\n                    <svg x=\"0px\" y=\"0px\" viewBox=\"0 0 112 112\" id=\"svg-c1cd\" class=\"u-svg-content\"><circle fill=\"#3B5998\" cx=\"56.1\" cy=\"56.1\" r=\"55\"><\/circle><path fill=\"#FFFFFF\" d=\"M73.5,31.6h-9.1c-1.4,0-3.6,0.8-3.6,3.9v8.5h12.6L72,58.3H60.8v40.8H43.9V58.3h-8V43.9h8v-9.2\n            c0-6.7,3.1-17,17-17h12.5v13.9H73.5z\"><\/path><\/svg>\n                  <\/span>\n                    <\/a>\n                    <a class=\"u-social-url\" target=\"_blank\" href=\"https:\/\/twitter.com\/Gacehpa\" title=\"Twitter\"><span class=\"u-icon u-icon-circle u-social-icon u-social-twitter u-icon-2\">\n                    <svg class=\"u-svg-link\" preserveAspectRatio=\"xMidYMin slice\" viewBox=\"0 0 112 112\" style=\"\"><use xmlns:xlink=\"http:\/\/www.w3.org\/1999\/xlink\" xlink:href=\"#svg-a5e7\"><\/use><\/svg>\n                    <svg x=\"0px\" y=\"0px\" viewBox=\"0 0 112 112\" id=\"svg-a5e7\" class=\"u-svg-content\"><circle fill=\"#55ACEE\" class=\"st0\" cx=\"56.1\" cy=\"56.1\" r=\"55\"><\/circle><path fill=\"#FFFFFF\" d=\"M83.8,47.3c0,0.6,0,1.2,0,1.7c0,17.7-13.5,38.2-38.2,38.2C38,87.2,31,85,25,81.2c1,0.1,2.1,0.2,3.2,0.2\n            c6.3,0,12.1-2.1,16.7-5.7c-5.9-0.1-10.8-4-12.5-9.3c0.8,0.2,1.7,0.2,2.5,0.2c1.2,0,2.4-0.2,3.5-0.5c-6.1-1.2-10.8-6.7-10.8-13.1\n            c0-0.1,0-0.1,0-0.2c1.8,1,3.9,1.6,6.1,1.7c-3.6-2.4-6-6.5-6-11.2c0-2.5,0.7-4.8,1.8-6.7c6.6,8.1,16.5,13.5,27.6,14\n            c-0.2-1-0.3-2-0.3-3.1c0-7.4,6-13.4,13.4-13.4c3.9,0,7.3,1.6,9.8,4.2c3.1-0.6,5.9-1.7,8.5-3.3c-1,3.1-3.1,5.8-5.9,7.4\n            c2.7-0.3,5.3-1,7.7-2.1C88.7,43,86.4,45.4,83.8,47.3z\"><\/path><\/svg>\n                  <\/span>\n                    <\/a>\n                    <a class=\"u-social-url\" target=\"_blank\" title=\"YouTube\" href=\"https:\/\/www.youtube.com\/watch?v=l5ViwvBrvGE\"><span class=\"u-icon u-icon-circle u-social-icon u-social-youtube u-icon-3\"><svg class=\"u-svg-link\" preserveAspectRatio=\"xMidYMin slice\" viewBox=\"0 0 112 112\" style=\"\"><use xmlns:xlink=\"http:\/\/www.w3.org\/1999\/xlink\" xlink:href=\"#svg-cce3\"><\/use><\/svg><svg class=\"u-svg-content\" viewBox=\"0 0 112 112\" x=\"0\" y=\"0\" id=\"svg-cce3\" style=\"\"><circle fill=\"currentColor\" cx=\"56.1\" cy=\"56.1\" r=\"55\"><\/circle><path fill=\"#FFFFFF\" d=\"M74.9,33.3H37.3c-7.4,0-13.4,6-13.4,13.4v18.8c0,7.4,6,13.4,13.4,13.4h37.6c7.4,0,13.4-6,13.4-13.4V46.7 C88.3,39.3,82.3,33.3,74.9,33.3L74.9,33.3z M65.9,57l-17.6,8.4c-0.5,0.2-1-0.1-1-0.6V47.5c0-0.5,0.6-0.9,1-0.6l17.6,8.9 C66.4,56,66.4,56.8,65.9,57L65.9,57z\"><\/path><\/svg><\/span>\n                    <\/a>\n                  <\/div>\n                <\/div>\n              <\/div>\n            <\/div>\n          <\/div>\n        <\/div>\n      <\/div>\n    <\/section>\n    \n    \n  \n","protected":false},"excerpt":{"rendered":"<p>Formations =&gt;&nbsp;Accueil et accompagnement IVG : Chaque ann\u00e9e, le GACEHPA propose une formation de 5 jours destin\u00e9e \u00e0 vous aider \u00e0 am\u00e9liorer la prise en charge des femmes ou de couples confront\u00e9s \u00e0 une grossesse non d\u00e9sir\u00e9e. Dans cette formation, les questions psycho-m\u00e9dicales, sociopolitiques et \u00e9pid\u00e9miologiques li\u00e9es \u00e0 l\u2019avortement seront approfondies. ( La prochaine formation &hellip; <a href=\"https:\/\/www.gacehpa.be\/?page_id=40\" class=\"more-link\">Continue reading<span class=\"screen-reader-text\"> \u00ab\u00a0formations-recyclage\u00a0\u00bb<\/span><\/a><\/p>\n","protected":false},"author":1,"featured_media":0,"parent":0,"menu_order":1,"comment_status":"closed","ping_status":"closed","template":"","meta":{"footnotes":""},"class_list":["post-40","page","type-page","status-publish","hentry"],"_links":{"self":[{"href":"https:\/\/www.gacehpa.be\/index.php?rest_route=\/wp\/v2\/pages\/40","targetHints":{"allow":["GET"]}}],"collection":[{"href":"https:\/\/www.gacehpa.be\/index.php?rest_route=\/wp\/v2\/pages"}],"about":[{"href":"https:\/\/www.gacehpa.be\/index.php?rest_route=\/wp\/v2\/types\/page"}],"author":[{"embeddable":true,"href":"https:\/\/www.gacehpa.be\/index.php?rest_route=\/wp\/v2\/users\/1"}],"replies":[{"embeddable":true,"href":"https:\/\/www.gacehpa.be\/index.php?rest_route=%2Fwp%2Fv2%2Fcomments&post=40"}],"version-history":[{"count":23,"href":"https:\/\/www.gacehpa.be\/index.php?rest_route=\/wp\/v2\/pages\/40\/revisions"}],"predecessor-version":[{"id":278,"href":"https:\/\/www.gacehpa.be\/index.php?rest_route=\/wp\/v2\/pages\/40\/revisions\/278"}],"wp:attachment":[{"href":"https:\/\/www.gacehpa.be\/index.php?rest_route=%2Fwp%2Fv2%2Fmedia&parent=40"}],"curies":[{"name":"wp","href":"https:\/\/api.w.org\/{rel}","templated":true}]}}